{"id":25668,"date":"2023-12-04T13:43:55","date_gmt":"2023-12-04T13:43:55","guid":{"rendered":"https:\/\/www.padesignart.com\/?post_type=exhibitor&#038;p=25668"},"modified":"2026-02-18T13:57:47","modified_gmt":"2026-02-18T13:57:47","slug":"brazilmodernist","status":"publish","type":"exhibitor","link":"https:\/\/www.padesignart.com\/fr\/exhibitor\/brazilmodernist\/","title":{"rendered":"BRAZIL MODERNIST \/ PEREIRA &amp; MATIS"},"content":{"rendered":"<p><\/p>\n<p data-start=\"42\" data-end=\"373\">Fond\u00e9e par <strong>Caroliny Pereira<\/strong> et <strong>Vladimir Matis<\/strong>, la <strong>Galerie Brazil Modernist<\/strong> est une galerie bas\u00e9e \u00e0 S\u00e3o Paulo et \u00e0 Paris, sp\u00e9cialis\u00e9e dans le <strong>design br\u00e9silien de collection<\/strong>. Elle met en lumi\u00e8re le dialogue entre le modernisme historique et la sc\u00e8ne contemporaine, avec un accent particulier sur l\u2019authenticit\u00e9, la raret\u00e9 et les savoir-faire.<\/p>\n<p data-start=\"375\" data-end=\"757\">Pour le <strong>PAD London 2025,<\/strong> Brazil Modernist pr\u00e9sente une s\u00e9lection exceptionnelle qui r\u00e9unit des pi\u00e8ces modernistes rares de <strong>Carlo Hauner, Lina Bo Bardi, Joaquim Tenreiro, Jos\u00e9 Zanine Caldas, Oscar Niemeyer et Giuseppe Scapinelli<\/strong>, aux c\u00f4t\u00e9s des cr\u00e9ations de la nouvelle sc\u00e8ne contemporaine br\u00e9silienne repr\u00e9sent\u00e9e par <strong>Lucas Recchia, Andr\u00e9 Ferri, Nicole &amp; Luiza Toldi et Tiago Braga.<\/strong><\/p>\n<p data-start=\"759\" data-end=\"1138\">Parmi les pi\u00e8ces phares figurent <strong>l\u2019enfilade rare <\/strong><em data-start=\"808\" data-end=\"824\"><strong>\u00ab Streamline<\/strong> \u00bb<\/em> de Giuseppe Scapinelli (vers 1950), la <strong>maquette d\u2019Oscar Niemeyer<\/strong> pour l\u2019esplanade du M\u00e9morial de la Seconde Guerre mondiale \u00e0 Rio de Janeiro, ainsi qu\u2019un <strong>bureau tr\u00e8s rare de Carlo Hauner<\/strong>. La galerie pr\u00e9sente \u00e9galement une <strong>paire de fauteuils <em data-start=\"1066\" data-end=\"1076\">\u00ab Zeca \u00bb<\/em> de Jos\u00e9 Zanine Caldas<\/strong> et des dessins originaux de Niemeyer.<\/p>\n<p data-start=\"1140\" data-end=\"1771\">Du c\u00f4t\u00e9 contemporain, Lucas Recchia d\u00e9voile de nouvelles pi\u00e8ces telles que la table basse ovale en quartzite de Santorin et verre, la table d\u2019appoint <em data-start=\"1290\" data-end=\"1299\">\u00ab Zel \u00bb<\/em> et la chaise <em data-start=\"1313\" data-end=\"1323\">\u00ab Adam \u00bb<\/em>. Andr\u00e9 Ferri pr\u00e9sente des sculptures uniques issues de sa collection <em data-start=\"1393\" data-end=\"1404\">\u00ab Seres \u00bb<\/em>, tandis que Nicole &amp; Luiza Toldi exposent des \u0153uvres de leur s\u00e9rie <em data-start=\"1472\" data-end=\"1483\">\u00ab Lumen \u00bb<\/em>, incluant le miroir <em data-start=\"1504\" data-end=\"1510\">Orla<\/em>et des sculptures c\u00e9ramiques associant porcelaine, \u00e9mail, pierres pr\u00e9cieuses et laiton. Enfin, Tiago Braga, propose des luminaires po\u00e9tiques issus des s\u00e9ries <em data-start=\"1691\" data-end=\"1711\">\u00ab Arandu Estelar \u00bb<\/em> et <em data-start=\"1715\" data-end=\"1729\">\u00ab Ybatinga \u00bb<\/em>, r\u00e9alis\u00e9s en feutre de laine naturelle.<\/p>\n<p data-start=\"1773\" data-end=\"1921\">Ce panorama refl\u00e8te l\u2019engagement de <strong>Brazil Modernist<\/strong> \u00e0 faire dialoguer h\u00e9ritage et innovation dans le champ international du design de collection.<\/p>\n<p><\/p>","protected":false},"excerpt":{"rendered":"<p>La galerie Brazil Modernist \/ Pereira &amp; Matis pr\u00e9sente une s\u00e9lection minutieuse de pi\u00e8ces de design sign\u00e9es par les plus grands cr\u00e9ateurs du mouvement moderniste br\u00e9silien, tels que Joaquim Tenreiro, Jorge Zalszupin, Lina Bo Bardi, Jos\u00e9 Zanine Caldas, Giuseppe Scapinelli, Carlo Hauner &amp; Martin Eisler et Oscar Niemeyer.<\/p>\n","protected":false},"author":853,"menu_order":17,"template":"","exhibitor_category":[155,148,5,99,231],"class_list":["post-25668","exhibitor","type-exhibitor","status-publish","has-post-thumbnail","hentry","pad_fair-london","pad_fair-paris","exhibitor_category-historical-design","exhibitor_category-contemporary-art","exhibitor_category-contemporary-design","exhibitor_category-sculpture","exhibitor_category-tapisserie","exhibitor_country-france"],"acf":[],"aioseo_notices":[],"_links":{"self":[{"href":"https:\/\/www.padesignart.com\/fr\/wp-json\/wp\/v2\/exhibitor\/25668","targetHints":{"allow":["GET"]}}],"collection":[{"href":"https:\/\/www.padesignart.com\/fr\/wp-json\/wp\/v2\/exhibitor"}],"about":[{"href":"https:\/\/www.padesignart.com\/fr\/wp-json\/wp\/v2\/types\/exhibitor"}],"author":[{"embeddable":true,"href":"https:\/\/www.padesignart.com\/fr\/wp-json\/wp\/v2\/users\/853"}],"wp:featuredmedia":[{"embeddable":true,"href":"https:\/\/www.padesignart.com\/fr\/wp-json\/wp\/v2\/media\/28576"}],"wp:attachment":[{"href":"https:\/\/www.padesignart.com\/fr\/wp-json\/wp\/v2\/media?parent=25668"}],"wp:term":[{"taxonomy":"exhibitor_category","embeddable":true,"href":"https:\/\/www.padesignart.com\/fr\/wp-json\/wp\/v2\/exhibitor_category?post=25668"}],"curies":[{"name":"wp","href":"https:\/\/api.w.org\/{rel}","templated":true}]}}

<p></p>
<p data-start="42" data-end="373">Fondée par <strong>Caroliny Pereira</strong> et <strong>Vladimir Matis</strong>, la <strong>Galerie Brazil Modernist</strong> est une galerie basée à São Paulo et à Paris, spécialisée dans le <strong>design brésilien de collection</strong>. Elle met en lumière le dialogue entre le modernisme historique et la scène contemporaine, avec un accent particulier sur l’authenticité, la rareté et les savoir-faire.</p>
<p data-start="375" data-end="757">Pour le <strong>PAD London 2025,</strong> Brazil Modernist présente une sélection exceptionnelle qui réunit des pièces modernistes rares de <strong>Carlo Hauner, Lina Bo Bardi, Joaquim Tenreiro, José Zanine Caldas, Oscar Niemeyer et Giuseppe Scapinelli</strong>, aux côtés des créations de la nouvelle scène contemporaine brésilienne représentée par <strong>Lucas Recchia, André Ferri, Nicole &amp; Luiza Toldi et Tiago Braga.</strong></p>
<p data-start="759" data-end="1138">Parmi les pièces phares figurent <strong>l’enfilade rare </strong><em data-start="808" data-end="824"><strong>« Streamline</strong> »</em> de Giuseppe Scapinelli (vers 1950), la <strong>maquette d’Oscar Niemeyer</strong> pour l’esplanade du Mémorial de la Seconde Guerre mondiale à Rio de Janeiro, ainsi qu’un <strong>bureau très rare de Carlo Hauner</strong>. La galerie présente également une <strong>paire de fauteuils <em data-start="1066" data-end="1076">« Zeca »</em> de José Zanine Caldas</strong> et des dessins originaux de Niemeyer.</p>
<p data-start="1140" data-end="1771">Du côté contemporain, Lucas Recchia dévoile de nouvelles pièces telles que la table basse ovale en quartzite de Santorin et verre, la table d’appoint <em data-start="1290" data-end="1299">« Zel »</em> et la chaise <em data-start="1313" data-end="1323">« Adam »</em>. André Ferri présente des sculptures uniques issues de sa collection <em data-start="1393" data-end="1404">« Seres »</em>, tandis que Nicole &amp; Luiza Toldi exposent des œuvres de leur série <em data-start="1472" data-end="1483">« Lumen »</em>, incluant le miroir <em data-start="1504" data-end="1510">Orla</em>et des sculptures céramiques associant porcelaine, émail, pierres précieuses et laiton. Enfin, Tiago Braga, propose des luminaires poétiques issus des séries <em data-start="1691" data-end="1711">« Arandu Estelar »</em> et <em data-start="1715" data-end="1729">« Ybatinga »</em>, réalisés en feutre de laine naturelle.</p>
<p data-start="1773" data-end="1921">Ce panorama reflète l’engagement de <strong>Brazil Modernist</strong> à faire dialoguer héritage et innovation dans le champ international du design de collection.</p>
<p></p>

<p>La galerie Brazil Modernist / Pereira &amp; Matis présente une sélection minutieuse de pièces de design signées par les plus grands créateurs du mouvement moderniste brésilien, tels que Joaquim Tenreiro, Jorge Zalszupin, Lina Bo Bardi, José Zanine Caldas, Giuseppe Scapinelli, Carlo Hauner &amp; Martin Eisler et Oscar Niemeyer.</p>
