{"id":23364,"date":"2022-11-18T14:56:51","date_gmt":"2022-11-18T14:56:51","guid":{"rendered":"https:\/\/www.padesignart.com\/?post_type=exhibitor&#038;p=23364"},"modified":"2026-03-31T11:27:13","modified_gmt":"2026-03-31T10:27:13","slug":"galerie-jean-francois-cazeau","status":"publish","type":"exhibitor","link":"https:\/\/www.padesignart.com\/fr\/exhibitor\/galerie-jean-francois-cazeau\/","title":{"rendered":"JEAN-FRANCOIS CAZEAU"},"content":{"rendered":"<p>La Galerie Jean-Fran\u00e7ois Cazeau, install\u00e9e \u00e0 Paris dans le Marais depuis 2009, dresse des ponts entre les Ma\u00eetres Modernes et l\u2019art de l\u2019apr\u00e8s-guerre des deux c\u00f4t\u00e9s de l\u2019Atlantique, tout en s\u2019ouvrant \u00e0 l\u2019art contemporain. Apr\u00e8s avoir collabor\u00e9 pendant pr\u00e8s de vingt ans avec son oncle Philippe Cazeau, l&rsquo;un des plus grands marchands d&rsquo;art impressionniste et moderne de sa g\u00e9n\u00e9ration, Jean-Fran\u00e7ois Cazeau a ouvert depuis septembre 2009 sa propre galerie au c\u0153ur du Marais, rue Sainte Anastase \u00e0 Paris, \u00e0 deux pas du mus\u00e9e Picasso.<br \/>\nLa galerie inscrit son savoir-faire d&rsquo;expertise et de conseil en Ma\u00eetres impressionnistes et Ma\u00eetres modernes dans le respect d&rsquo;une tradition familiale tout en \u00e9tant attentif aux mutations de son \u00e9poque et en s&rsquo;engageant sur le march\u00e9 de l&rsquo;art contemporain. Cette double ambition fait de la galerie Jean-Fran\u00e7ois Cazeau un acteur majeur aupr\u00e8s de collectionneurs internationaux et d\u2019institutions mus\u00e9ales.<\/p>","protected":false},"excerpt":{"rendered":"<p class=\"qtranxs-available-languages-message qtranxs-available-languages-message-fr\">D\u00e9sol\u00e9, cet article est seulement disponible en <a href=\"https:\/\/www.padesignart.com\/en\/wp-json\/wp\/v2\/exhibitor\/23364\" class=\"qtranxs-available-language-link qtranxs-available-language-link-en\" title=\"English\">English<\/a>.<\/p>\n<p>La Galerie Jean-Fran\u00e7ois Cazeau, install\u00e9e \u00e0 Paris dans le Marais depuis 2009, dresse des ponts entre les Ma\u00eetres Modernes et l\u2019art de l\u2019apr\u00e8s-guerre des deux c\u00f4t\u00e9s de l\u2019Atlantique, tout en s\u2019ouvrant \u00e0 l\u2019art contemporain.<\/p>\n","protected":false},"author":812,"menu_order":39,"template":"","exhibitor_category":[224,148],"class_list":["post-23364","exhibitor","type-exhibitor","status-publish","has-post-thumbnail","hentry","pad_fair-paris","exhibitor_category-art-moderne","exhibitor_category-contemporary-art","exhibitor_country-france"],"acf":[],"aioseo_notices":[],"_links":{"self":[{"href":"https:\/\/www.padesignart.com\/fr\/wp-json\/wp\/v2\/exhibitor\/23364","targetHints":{"allow":["GET"]}}],"collection":[{"href":"https:\/\/www.padesignart.com\/fr\/wp-json\/wp\/v2\/exhibitor"}],"about":[{"href":"https:\/\/www.padesignart.com\/fr\/wp-json\/wp\/v2\/types\/exhibitor"}],"author":[{"embeddable":true,"href":"https:\/\/www.padesignart.com\/fr\/wp-json\/wp\/v2\/users\/812"}],"wp:featuredmedia":[{"embeddable":true,"href":"https:\/\/www.padesignart.com\/fr\/wp-json\/wp\/v2\/media\/28433"}],"wp:attachment":[{"href":"https:\/\/www.padesignart.com\/fr\/wp-json\/wp\/v2\/media?parent=23364"}],"wp:term":[{"taxonomy":"exhibitor_category","embeddable":true,"href":"https:\/\/www.padesignart.com\/fr\/wp-json\/wp\/v2\/exhibitor_category?post=23364"}],"curies":[{"name":"wp","href":"https:\/\/api.w.org\/{rel}","templated":true}]}}

<p>La Galerie Jean-François Cazeau, installée à Paris dans le Marais depuis 2009, dresse des ponts entre les Maîtres Modernes et l’art de l’après-guerre des deux côtés de l’Atlantique, tout en s’ouvrant à l’art contemporain. Après avoir collaboré pendant près de vingt ans avec son oncle Philippe Cazeau, l&rsquo;un des plus grands marchands d&rsquo;art impressionniste et moderne de sa génération, Jean-François Cazeau a ouvert depuis septembre 2009 sa propre galerie au cœur du Marais, rue Sainte Anastase à Paris, à deux pas du musée Picasso.<br />
La galerie inscrit son savoir-faire d&rsquo;expertise et de conseil en Maîtres impressionnistes et Maîtres modernes dans le respect d&rsquo;une tradition familiale tout en étant attentif aux mutations de son époque et en s&rsquo;engageant sur le marché de l&rsquo;art contemporain. Cette double ambition fait de la galerie Jean-François Cazeau un acteur majeur auprès de collectionneurs internationaux et d’institutions muséales.</p>

<p class="qtranxs-available-languages-message qtranxs-available-languages-message-fr">Désolé, cet article est seulement disponible en <a href="https://www.padesignart.com/en/wp-json/wp/v2/exhibitor/23364" class="qtranxs-available-language-link qtranxs-available-language-link-en" title="English">English</a>.</p>
<p>La Galerie Jean-François Cazeau, installée à Paris dans le Marais depuis 2009, dresse des ponts entre les Maîtres Modernes et l’art de l’après-guerre des deux côtés de l’Atlantique, tout en s’ouvrant à l’art contemporain.</p>
