{"id":19041,"date":"2022-01-19T10:34:18","date_gmt":"2022-01-19T10:34:18","guid":{"rendered":"https:\/\/padesignart.com\/?post_type=exhibitor&#038;p=19041"},"modified":"2026-03-11T16:13:45","modified_gmt":"2026-03-11T16:13:45","slug":"pierre-arts-design","status":"publish","type":"exhibitor","link":"https:\/\/www.padesignart.com\/fr\/exhibitor\/pierre-arts-design\/","title":{"rendered":"PIERRE ARTS DESIGN"},"content":{"rendered":"<p><span style=\"vertical-align: inherit;\"><span style=\"vertical-align: inherit;\"><span style=\"vertical-align: inherit;\"><span style=\"vertical-align: inherit;\">La galerie Pierre Arts &amp; Design, dirig\u00e9e par Pierre Raguideau, est situ\u00e9e au c\u0153ur du Marais, 69 rue de Turenne. <\/span><\/span><\/span><span style=\"vertical-align: inherit;\"><span style=\"vertical-align: inherit;\"><span style=\"vertical-align: inherit;\">Elle pr\u00e9sente le mobilier de l&rsquo;\u00e2ge d&rsquo;or du design danois, scandinave, de la p\u00e9riode 50\/60, avec des designers tels que : <\/span><\/span><\/span><\/span><span style=\"vertical-align: inherit;\"><span style=\"vertical-align: inherit;\"><span style=\"vertical-align: inherit;\"><span style=\"vertical-align: inherit;\">Hans J. Wegner, Borge Mogensen, Finn Juhl, Ib Kofod Larsen, Peter Hvidt &amp; Orla Molgaard , Arne Vodder etc\u2026 qui ont su combiner l&rsquo;excellence de la cr\u00e9ation artistique avec le fonctionnalisme d&rsquo;un mobilier con\u00e7u pour un usage quotidien ainsi qu&rsquo;une grande qualit\u00e9 d&rsquo;ex\u00e9cution.<\/span><\/span><\/span><\/span><\/p>\n<p><span style=\"vertical-align: inherit;\"><span style=\"vertical-align: inherit;\"><span style=\"vertical-align: inherit;\"><span style=\"vertical-align: inherit;\">Le choix est plus \u00e9clectique en mati\u00e8re de luminaires, avec des <\/span><\/span><\/span><\/span><span style=\"vertical-align: inherit;\"><span style=\"vertical-align: inherit;\"><span style=\"vertical-align: inherit;\"><span style=\"vertical-align: inherit;\">designers tels qu&rsquo;Alain Richard ou Etienne Fermigier, mais \u00e9galement des scandinaves comme Lindau &amp; Lindekrantz, Nils Strinning ou les fr\u00e8res Uno et Osten Kristiansson.<\/span><\/span><\/span><\/span><\/p>\n<p><span style=\"vertical-align: inherit;\"><span style=\"vertical-align: inherit;\"><span style=\"vertical-align: inherit;\"><span style=\"vertical-align: inherit;\">Pour sa participation au PAD Paris 2024, la galerie pr\u00e9sentera des pi\u00e8ces exceptionnelles de Hvidt &amp; Molgaard, Tapio Wirkkala, Ole Wanscher, Ib Kofod Larsen notamment, ainsi que des luminaires de Kalmar &amp; P\u00f6ll, Jordi Vilanova, Hans-Agne Jakobsson<\/span><\/span><\/span><\/span><\/p>","protected":false},"excerpt":{"rendered":"<p>Design scandinave du 20\u00e8 si\u00e8cle, Hans Wegner, Borge Mogensen, Finn Juhl, Ib Kofod Larsen, Hvidt &amp; Molgaard, Arne Vodder, Ole Wanscher<\/p>\n","protected":false},"author":764,"menu_order":83,"template":"","exhibitor_category":[155],"class_list":["post-19041","exhibitor","type-exhibitor","status-publish","has-post-thumbnail","hentry","pad_fair-paris","exhibitor_category-historical-design","exhibitor_country-france"],"acf":[],"aioseo_notices":[],"_links":{"self":[{"href":"https:\/\/www.padesignart.com\/fr\/wp-json\/wp\/v2\/exhibitor\/19041","targetHints":{"allow":["GET"]}}],"collection":[{"href":"https:\/\/www.padesignart.com\/fr\/wp-json\/wp\/v2\/exhibitor"}],"about":[{"href":"https:\/\/www.padesignart.com\/fr\/wp-json\/wp\/v2\/types\/exhibitor"}],"author":[{"embeddable":true,"href":"https:\/\/www.padesignart.com\/fr\/wp-json\/wp\/v2\/users\/764"}],"wp:featuredmedia":[{"embeddable":true,"href":"https:\/\/www.padesignart.com\/fr\/wp-json\/wp\/v2\/media\/28311"}],"wp:attachment":[{"href":"https:\/\/www.padesignart.com\/fr\/wp-json\/wp\/v2\/media?parent=19041"}],"wp:term":[{"taxonomy":"exhibitor_category","embeddable":true,"href":"https:\/\/www.padesignart.com\/fr\/wp-json\/wp\/v2\/exhibitor_category?post=19041"}],"curies":[{"name":"wp","href":"https:\/\/api.w.org\/{rel}","templated":true}]}}

<p><span style="vertical-align: inherit;"><span style="vertical-align: inherit;"><span style="vertical-align: inherit;"><span style="vertical-align: inherit;">La galerie Pierre Arts &amp; Design, dirigée par Pierre Raguideau, est située au cœur du Marais, 69 rue de Turenne. </span></span></span><span style="vertical-align: inherit;"><span style="vertical-align: inherit;"><span style="vertical-align: inherit;">Elle présente le mobilier de l&rsquo;âge d&rsquo;or du design danois, scandinave, de la période 50/60, avec des designers tels que : </span></span></span></span><span style="vertical-align: inherit;"><span style="vertical-align: inherit;"><span style="vertical-align: inherit;"><span style="vertical-align: inherit;">Hans J. Wegner, Borge Mogensen, Finn Juhl, Ib Kofod Larsen, Peter Hvidt &amp; Orla Molgaard , Arne Vodder etc… qui ont su combiner l&rsquo;excellence de la création artistique avec le fonctionnalisme d&rsquo;un mobilier conçu pour un usage quotidien ainsi qu&rsquo;une grande qualité d&rsquo;exécution.</span></span></span></span></p>
<p><span style="vertical-align: inherit;"><span style="vertical-align: inherit;"><span style="vertical-align: inherit;"><span style="vertical-align: inherit;">Le choix est plus éclectique en matière de luminaires, avec des </span></span></span></span><span style="vertical-align: inherit;"><span style="vertical-align: inherit;"><span style="vertical-align: inherit;"><span style="vertical-align: inherit;">designers tels qu&rsquo;Alain Richard ou Etienne Fermigier, mais également des scandinaves comme Lindau &amp; Lindekrantz, Nils Strinning ou les frères Uno et Osten Kristiansson.</span></span></span></span></p>
<p><span style="vertical-align: inherit;"><span style="vertical-align: inherit;"><span style="vertical-align: inherit;"><span style="vertical-align: inherit;">Pour sa participation au PAD Paris 2024, la galerie présentera des pièces exceptionnelles de Hvidt &amp; Molgaard, Tapio Wirkkala, Ole Wanscher, Ib Kofod Larsen notamment, ainsi que des luminaires de Kalmar &amp; Pöll, Jordi Vilanova, Hans-Agne Jakobsson</span></span></span></span></p>

<p>Design scandinave du 20è siècle, Hans Wegner, Borge Mogensen, Finn Juhl, Ib Kofod Larsen, Hvidt &amp; Molgaard, Arne Vodder, Ole Wanscher</p>
