{"id":14908,"date":"2017-12-19T15:59:05","date_gmt":"2017-12-19T15:59:05","guid":{"rendered":"https:\/\/www.padesignart.com\/paris\/?post_type=exhibitor&#038;p=14908"},"modified":"2026-02-18T14:17:23","modified_gmt":"2026-02-18T14:17:23","slug":"galerie-mougin","status":"publish","type":"exhibitor","link":"https:\/\/www.padesignart.com\/fr\/exhibitor\/galerie-mougin\/","title":{"rendered":"GALERIE MOUGIN"},"content":{"rendered":"<p><\/p>\n<p style=\"text-align: left;\">Cr\u00e9\u00e9e en 1990, la Galerie Mougin pr\u00e9sente depuis lors les oeuvres de cr\u00e9ateurs contemporains particuli\u00e8rement originaux.<\/p>\n<p style=\"text-align: left;\">Le sens des mati\u00e8res rares, un extr\u00eame savoir-faire et une grande po\u00e9sie des formes sont les clefs du choix original de Gladys Mougin.<\/p>\n<p style=\"text-align: left;\">Andr\u00e9 Dubreuil qui a pr\u00e9sid\u00e9 \u00e0 la naissance de la galerie \u00e9tait le pivot de cette s\u00e9lection.<span class=\"Apple-converted-space\">\u00a0<\/span><\/p>\n<p style=\"text-align: left;\">L\u2019Atelier Dubreuil s\u2019inscrit aujourd\u2019hui dans la continuit\u00e9 de son style, tout en cr\u00e9ant de nouvelles pi\u00e8ces.<\/p>\n<p style=\"text-align: left;\">Laurence Montano, Michael Pohu, Alasdair Cooke, Thierry Leproust, R\u00e9mi Fontaine, Ana-Belen Castillo, Caroline Corbeau, les Farfelus Farfadets, Eddy Ubiedo, Nathalie Ziegler-Pasqua et Audiane Delos exposent \u00e9galement leurs cr\u00e9ations, essentiellement des pi\u00e8ces uniques, au 22 et au 30 rue de Lille, Paris 7\u00e8me.<\/p>\n<p style=\"text-align: left;\">Par ailleurs, ces cr\u00e9ateurs r\u00e9pondent aux demandes des d\u00e9corateurs et des collectionneurs priv\u00e9s et con\u00e7oivent des pi\u00e8ces adapt\u00e9es aux projets d\u2019architecture int\u00e9rieure.<\/p>\n<p><\/p>","protected":false},"excerpt":{"rendered":"<p>Galerie Mougin<\/p>\n","protected":false},"author":712,"menu_order":45,"template":"","exhibitor_category":[155],"class_list":["post-14908","exhibitor","type-exhibitor","status-publish","has-post-thumbnail","hentry","pad_fair-paris","exhibitor_category-historical-design","exhibitor_country-france"],"acf":[],"aioseo_notices":[],"_links":{"self":[{"href":"https:\/\/www.padesignart.com\/fr\/wp-json\/wp\/v2\/exhibitor\/14908","targetHints":{"allow":["GET"]}}],"collection":[{"href":"https:\/\/www.padesignart.com\/fr\/wp-json\/wp\/v2\/exhibitor"}],"about":[{"href":"https:\/\/www.padesignart.com\/fr\/wp-json\/wp\/v2\/types\/exhibitor"}],"author":[{"embeddable":true,"href":"https:\/\/www.padesignart.com\/fr\/wp-json\/wp\/v2\/users\/712"}],"wp:featuredmedia":[{"embeddable":true,"href":"https:\/\/www.padesignart.com\/fr\/wp-json\/wp\/v2\/media\/29743"}],"wp:attachment":[{"href":"https:\/\/www.padesignart.com\/fr\/wp-json\/wp\/v2\/media?parent=14908"}],"wp:term":[{"taxonomy":"exhibitor_category","embeddable":true,"href":"https:\/\/www.padesignart.com\/fr\/wp-json\/wp\/v2\/exhibitor_category?post=14908"}],"curies":[{"name":"wp","href":"https:\/\/api.w.org\/{rel}","templated":true}]}}

<p></p>
<p style="text-align: left;">Créée en 1990, la Galerie Mougin présente depuis lors les oeuvres de créateurs contemporains particulièrement originaux.</p>
<p style="text-align: left;">Le sens des matières rares, un extrême savoir-faire et une grande poésie des formes sont les clefs du choix original de Gladys Mougin.</p>
<p style="text-align: left;">André Dubreuil qui a présidé à la naissance de la galerie était le pivot de cette sélection.<span class="Apple-converted-space"> </span></p>
<p style="text-align: left;">L’Atelier Dubreuil s’inscrit aujourd’hui dans la continuité de son style, tout en créant de nouvelles pièces.</p>
<p style="text-align: left;">Laurence Montano, Michael Pohu, Alasdair Cooke, Thierry Leproust, Rémi Fontaine, Ana-Belen Castillo, Caroline Corbeau, les Farfelus Farfadets, Eddy Ubiedo, Nathalie Ziegler-Pasqua et Audiane Delos exposent également leurs créations, essentiellement des pièces uniques, au 22 et au 30 rue de Lille, Paris 7ème.</p>
<p style="text-align: left;">Par ailleurs, ces créateurs répondent aux demandes des décorateurs et des collectionneurs privés et conçoivent des pièces adaptées aux projets d’architecture intérieure.</p>
<p></p>
